30*u + 6864. What are the prime factors of u?
2, 3, 11
Suppose 68*a = -49972 + 155032. List the prime factors of a.
3, 5, 103
Let q(t) = -t + 202. Let s be q(0). Suppose 16 - s = -6*i. Suppose -7*m = i - 164. What are the prime factors of m?
19
Let h(i) = -190*i + 38. What are the prime factors of h(-2)?
2, 11, 19
Suppose -m + 53 = -358. Let k = m - 155. What are the prime factors of k?
2
Suppose -p + 2*i + 3021 = 0, -3*p + 0*i + 2*i + 9071 = 0. List the prime factors of p.
5, 11
Let r(x) = x**3 - 7*x**2 + 7*x - 6. Let p be r(6). List the prime factors of p + (-4)/(-18) + 3018/27.
2, 7
Let z(j) = -j**3 + 5*j**2 + 9*j - 5. Let d be z(6). Suppose -17*g = -d*g - 1040. Suppose 208 = 4*t + i, 3*t - 8*t + g = 3*i. What are the prime factors of t?
2, 13
Let k(n) = 5 + 38*n**2 + 11*n - 19 - 37*n**2 - 4. List the prime factors of k(-17).
2, 3, 7
Let v = -314 - -1087. List the prime factors of v.
773
Suppose 2*g - v = 7, 2*v - 2 = -0. What are the prime factors of 70/56 - (-183)/g?
47
Suppose 2394 = 98*y - 91*y. What are the prime factors of y?
2, 3, 19
Suppose -5*g + 25 = 5*o, -2*g = -4*o + 2 + 18. Suppose -260 = o*d - 1685. Suppose 0 = 4*z + z - d. List the prime factors of z.
3, 19
Suppose -339 + 27464 = 31*x. List the prime factors of x.
5, 7
Suppose 0 = -3*z - 4*p + 84, 2*z - 6*p = -11*p + 49. What are the prime factors of z?
2
What are the prime factors of (-45472)/(-48) + (-4)/(-6)?
2, 3, 79
Let z = -21 + 38. Let i = z - 13. List the prime factors of i.
2
List the prime factors of 377 + -47 - (2 - -1).
3, 109
Suppose 9246 = 8*v - 14866. List the prime factors of v.
2, 11, 137
Let h be (-4)/(-12)*(4 - 1). Let f = 2 - 8. List the prime factors of 5/(f/(-5) - h).
5
Let x be 834/15 - 2/(-5). Let c = 14 + x. List the prime factors of c.
2, 5, 7
Let b be 2 + (4 - -1)/5. Suppose -b*s + 330 = 3*s. Let t = s + -17. What are the prime factors of t?
2, 19
Let z(i) = 3*i**2 - 3*i - 1. Suppose -u + 6 = u. List the prime factors of z(u).
17
Let y(n) = -n**3 - 14*n**2 + 21*n + 93. What are the prime factors of y(-21)?
3, 11, 83
Let s = 556 - 145. Let i = s + -243. List the prime factors of i.
2, 3, 7
Let v be -4 - -1*(-188 + -2). Let k = -96 - v. What are the prime factors of k?
2, 7
Let v(m) = m**2 - 2*m + 32. Let x be v(0). Let w = 56 - x. What are the prime factors of w?
2, 3
Let s = 247 - 352. List the prime factors of s/(-28) - 3/4.
3
Let x be ((-16)/(-36))/(4/18). Suppose -x*w = 109 + 7. What are the prime factors of (w/(-8))/(2/8)?
29
Let c(k) = 125*k**2 + 6*k + 1. Let h be c(-1). Let q = 210 - h. List the prime factors of q.
2, 3, 5
Let h = 453 + -250. List the prime factors of h.
7, 29
Suppose -29 = 5*a + 2*r, 5*r + 13 = a - 5*a. Let g be (-372)/(-20) + (-3)/5. Let f = g + a. What are the prime factors of f?
11
Let j = -9 + 155. List the prime factors of j.
2, 73
Let v = -23 - -254. List the prime factors of v.
3, 7, 11
Suppose j - 17 = -32. Let k = 53 - j. What are the prime factors of k?
2, 17
List the prime factors of (-16)/(-6) - (-97225)/75.
3, 433
Suppose -2742 = -4*n - 2*j, 0*j - 2084 = -3*n + 4*j. What are the prime factors of n?
2, 43
Let p be 2/(0 + 4)*82. Suppose -4*c - a = -85, 3*a + 35 = 3*c - 2*a. Let j = p - c. List the prime factors of j.
3, 7
Let u(j) be the third derivative of 1/12*j**4 + 1/4*j**5 - 3*j**2 + 0*j + 0 - 1/6*j**3. List the prime factors of u(1).
2
Suppose 4*h - 18 = 50. Suppose h = 4*p - 135. What are the prime factors of p?
2, 19
Suppose -3*a + 0*a = -5*t + 854, -5*t + 864 = 2*a. Let f = -132 + t. What are the prime factors of f?
2, 5
Suppose g - 4*g = -15. Suppose -g*f + 2 + 14 = -4*y, 4*f - 17 = -y. Suppose 4 = 4*z - 2*k, -f*z + 2*k = -2*k. List the prime factors of z.
2
Let m(w) = 5*w. Let b be m(4). Let k = b + -12. What are the prime factors of (-2)/(-8) + 174/k?
2, 11
Suppose -35 = 12*h + 13. List the prime factors of (2/h - (-1140)/24)/1.
47
Suppose 0 = -8*f + 6*f + 582. Suppose 4*o - f = 289. List the prime factors of o.
5, 29
Let n(b) = 2*b**3 + 15*b**2 + 8*b - 23. Let i(r) = r**3 + r**2 - r. Let m(c) = -i(c) + n(c). List the prime factors of m(-11).
241
Let g(m) = -m**3 - 13*m**2 - 11*m + 10. Let k be g(-12). Let p(b) = 53*b**2 - 3*b - 2. What are the prime factors of p(k)?
2, 3
Let r(i) = -6*i**3 - 2*i**2 + 3*i + 3. Suppose -4*s + 24 = -4*l - 0*s, 0 = -l + 3*s - 12. List the prime factors of r(l).
2, 3, 23
Suppose 5 + 22 = -3*a. Let g be (-1 - -7)*66/a. List the prime factors of (g - (3 + -3))/(-2).
2, 11
Suppose -5*k = -16 - 49. Let b(l) = l**2 - l - 28. Let d be b(-8). Suppose x - k - d = 0. What are the prime factors of x?
3, 19
Suppose 0 = -5*r + 11036 + 7954. List the prime factors of 4/10 + r/30.
127
Suppose 0 = 3*a - 5*u - 1698, -3*u - 1132 = 7*a - 9*a. What are the prime factors of a?
2, 283
Suppose 2*f - 11*b + 16*b - 6 = 0, -68 = -4*f + 4*b. Suppose -5*g - 230 = -5*s, -3*g = -2*s - 3*s + 226. Suppose 3*k = s + f. List the prime factors of k.
19
Let q = 115 + -112. List the prime factors of 4 - 3 - (-118 - q).
2, 61
Suppose -5*o + 702 = -3*p - 369, 0 = 2*o - 3*p - 423. Suppose 5*z - 2*z = -o. What are the prime factors of ((-6)/8)/(3/z)?
2, 3
Let i(a) = -6*a. Let u be i(-1). Let k be (-4)/u - (-16)/6. Suppose 5*w - 155 = k*p, 2*w + 26 - 88 = p. What are the prime factors of w?
31
Let n be ((-1)/(-3))/(1/(-3)). Let r(k) = -k + 8*k**2 + 3*k**2 + 14*k**2. List the prime factors of r(n).
2, 13
Let q be (-65)/(-1 + 0 + 4 + -4). Suppose 4*a = -8*i + 3*i + 61, 5 = 5*i. Suppose 3*c = q - a. What are the prime factors of c?
17
Suppose 5 - 57 = 4*z. Let h = z + 16. List the prime factors of h.
3
Let h be 3/(-9)*3*0. Suppose 2*w - 31 - 53 = h. Suppose -w = -8*r + r. What are the prime factors of r?
2, 3
Let o be 480/18*(-150)/(-8). Let a = -300 + o. Suppose 3*p - 5*p - d + 109 = 0, -4*p = -4*d - a. List the prime factors of p.
53
What are the prime factors of -2*((-5019)/14 - 4)?
5, 29
Let x(f) = 5*f - 5. Let w(u) = -u - 1. Let k be w(-3). Suppose 4*s - 5*v - 30 = 0, k*s - 18 = 4*v - 0. List the prime factors of x(s).
2, 5
Let l = -56 - -102. Suppose -4*f = -50 - l. What are the prime factors of f?
2, 3
Let t(m) = -3*m**3 + 10*m**2 - m + 24. Let v(c) = -c**3 + 1. Let j(u) = t(u) - 2*v(u). List the prime factors of j(9).
2, 47
Suppose 24 = 4*o + 8. Suppose -o*i = -27 + 7. What are the prime factors of i?
5
Let s = -106 + 209. What are the prime factors of s?
103
Let b(n) = -n**2 + 46*n + 130. List the prime factors of b(44).
2, 109
Suppose -5*r + 485 = 150. Suppose -200 = -a - 5*b - r, 0 = -4*a + 5*b + 532. Let l = -81 + a. What are the prime factors of l?
2, 13
Let a = 105 + -38. Suppose -6*t = -t + 40. Let v = t + a. What are the prime factors of v?
59
Let o be -247 + (0 - -1) + -4. List the prime factors of (0 - o/4) + (-4)/(-8).
3, 7
Let t(l) = 285*l**2 - 13*l - 43. List the prime factors of t(-4).
3, 1523
Let s(o) = -5*o**3 - 2*o**2 + 1. Let g be s(-1). Suppose 0 = -0*i - i + g*j + 213, i = -j + 198. What are the prime factors of i?
3, 67
Let j(l) = 45*l**2 + 8*l + 7. What are the prime factors of j(5)?
2, 293
Suppose -2*q + 6*p = 2*p + 16, 0 = 5*q + 5*p - 35. Suppose -3*b = -q*l - 928, -7*l - 10 = -5*l. List the prime factors of b.
2, 3, 17
Let k(i) = 10*i**2 - 2*i + 4128. List the prime factors of k(0).
2, 3, 43
List the prime factors of (10647/28 - 4) + 6/8.
13, 29
List the prime factors of (8 - (5 - -1))*686.
2, 7
Suppose 4*f = -4*s + 196, 83 = 2*s + 2*f + 3*f. Suppose -3*z - 3*d + 675 = s, 379 = 2*z - 5*d. List the prime factors of z.
2, 101
Suppose 50*g - 49*g = 47. List the prime factors of g.
47
Let c(o) be the second derivative of -o**5/20 - o**4/2 + 4*o**3/3 + 3*o**2 - 14*o. List the prime factors of c(-8).
2, 5, 7
Suppose -3*w + 3 = 0, 3*w + 13076 = -5*l + 2829. List the prime factors of (-4*(-3)/(-15))/(10/l).
2, 41
Let d = 3 + 12. Let m = d + -15. What are the prime factors of (-40)/(-10) - (m + -36)?
2, 5
Let q = -543 + 713. List the prime factors of q.
2, 5, 17
Suppose 0 = 2*d - 29 + 7. Suppose c = 124 - d. Suppose 49 = 2*f + 5*y, -3*f + 7*f = 5*y + c. List the prime factors of f.
3
Suppose -4*c - 6 = -c. Suppose 4*i - 650 = -5242. What are the prime factors of c/((-7)/(i/(-8)))?
41
Let z = 432 - 158. What are the prime factors of z?
2, 137
What are the prime factors of 1199 - ((-48)/84 